**2 + o. Let z(k) be the second derivative of -k**4/12 - 7*k**3/6 + 3*k**2/2 - 2*k. Let t(q) = -2*p(q) - z(q). Suppose 0*g = 4*g - 20. What is t(g)?
-3
Let p(r) = 38*r + 27 - 125*r + 36*r + 45*r. Calculate p(8).
-21
Let j = -7 + 12. Suppose -4*d + o = -o + 10, 2*o = 5*d + 10. Suppose 5*h + j = -d. Let u(v) = -8*v**2 - v. Determine u(h).
-7
Let k = -18 + -14. Let l(x) = -9*x - 10. Let b be l(-4). Let d = k + b. Let s(w) = w**3 + 6*w**2 + w + 6. What is s(d)?
0
Let q(u) = -2*u + u + 2*u - 1. Let w(c) = 4*c - 6. Let s(t) = -11*q(t) + 2*w(t). Suppose 5*i + 3 = i - o, i - 5*o = -6. Determine s(i).
2
Suppose 2*i + 2*i = y + 6, -y = -2. Let m(g) = i*g - 13 + 27 - 13. Calculate m(-5).
-9
Let u(d) = -2*d - 2. Let b = -207 + 96. Let t = -108 - b. Calculate u(t).
-8
Let i(u) be the second derivative of -u**5/20 + 2*u**4/3 + 4*u**3/3 + 2*u**2 - 19*u - 11. Calculate i(9).
-5
Let n be 15/3 + -16 + 5. Let r(t) = 2*t + 6. What is r(n)?
-6
Let a = 59 + -57. Let z(v) = -v**3 + 2*v**2 - 2*v. Determine z(a).
-4
Let l(a) be the first derivative of -a**3/3 + a**2/2 + 3*a + 110. Determine l(-3).
-9
Let z(c) be the second derivative of -c**4/4 + c**3/6 + 3*c**2/2 - 117*c. Calculate z(-3).
-27
Let q(n) = 9*n - n**2 - 31 - 28 - 28 + 78. Let u(r) = 6*r**2 - 2*r - 1. Let p be u(-1). Give q(p).
5
Suppose -5*b - 4*w - 5 = 0, -2*b - 12 = -2*w + 8. Let q(m) = -m**3 - 4*m**2 + 2*m + 1. What is q(b)?
16
Let v = 46 - 44. Let g(o) = o**3 - o**2 + o + 1. Let i(x) = -x**3 + x - 3. Let h(c) = 2*g(c) + i(c). Determine h(v).
5
Let i(s) = s**3 - 3*s**2 - 2*s. Suppose 13 = -r + 4*o + 5, -o + 3 = 0. What is i(r)?
8
Let m(o) = -7 + 2 - 2*o + 2*o**2 + 7. Give m(2).
6
Suppose -2*y + 27 = y. Let k(w) = -8*w**2 + 6 - 485000*w**3 + 2*w - 11*w + 485001*w**3. Determine k(y).
6
Let g(v) = -6*v + 3. Let f(q) = 3*q - 1. Let x(l) = 10*f(l) + 4*g(l). Let z be (-11 - -2)/9 - 1. What is x(z)?
-10
Suppose -6*p = 3*p - 18. Let a(l) = l**2 - l + 2. Determine a(p).
4
Let a(m) be the third derivative of m**8/3360 - m**7/2520 + m**6/240 - m**5/2 - 47*m**2. Let j(q) be the third derivative of a(q). Give j(2).
23
Suppose 5 = 17*m - 22*m. Let j(n) be the first derivative of 9*n**4/4 + n - 57. What is j(m)?
-8
Let i(g) = -g - 5. Suppose -4*p + 8*p = 20. Let u(f) = -f - 29. Let r(t) = t + 32. Let n(o) = 6*r(o) + 7*u(o). Let m(v) = p*i(v) - 2*n(v). Give m(-4).
9
Let p(o) be the third derivative of -o**6/120 - o**5/60 + o**4/8 - o**3/6 + 93*o**2. Give p(2).
-7
Let b(g) = -6 - g**2 - 7*g + 2*g + 3 + 3*g. Let w be b(-2). Let d(p) = p + 6. What is d(w)?
3
Let b(u) = -2*u**3 - 2*u**2 - 5*u - 6. Let w be b(-2). Let h(y) = 9 + 0*y - 4*y + w*y + y**2. Determine h(-8).
9
Let o(k) = -13*k**2 + 4*k - 43. Let c(s) = 3*s**2 - s + 11. Suppose 12*a - 34 = -10. Let t(i) = a*o(i) + 9*c(i). Determine t(0).
13
Suppose -9*q + 14*q = -15*q. Let x(m) be the third derivative of 1/3*m**3 - 5*m**2 + 0*m - 1/12*m**4 + q. Give x(2).
-2
Let n(b) = -7*b - 6. Let t(k) = 8*k + 6. Let l(r) = 4*n(r) + 3*t(r). Determine l(-4).
10
Let b(l) = l**2 + 9*l + 9. Let y be (-26 - -8)*(-4)/6. Suppose k - y = -2*g - g, -2*k - 3*g = -27. Suppose -4*v - 4*q + q = 33, q - k = 3*v. Determine b(v).
-9
Let g(b) = 6*b**3 - 2*b**2 + 1. Let n be 3 + -6 + 46 - -2. Let i be (-2)/(-9) + (-55)/n. What is g(i)?
-7
Let j(f) = 2 - 2 + 3*f - 1. Let w(v) = 5*v**2 + 15*v + 13. Let p be w(-1). What is j(p)?
8
Let w be 2*(-1 + 3)*-1. Let a be (w/(-12))/(1/6). Let y(v) = a*v + 6 - 3*v**2 - 3 + 3*v**2 + v**2. What is y(-2)?
3
Let m be -11 + 17 + -1*2. Let l(v) be the second derivative of v**6/720 - v**5/30 - v**4/6 + 2*v. Let s(p) be the third derivative of l(p). Give s(m).
0
Let s(z) = 3 + 0 - 1 + 30*z**2 - 29*z**2 + z - 3. Suppose 3 = -2*f - 2*r - 5, -3*r - 10 = 5*f. What is s(f)?
1
Let d(p) be the third derivative of p**6/120 - p**5/15 + p**4/8 + 4*p**2 - 4*p. Determine d(2).
-2
Let x(b) = 5*b + 3. Let v = 72 - 77. What is x(v)?
-22
Let a(v) be the first derivative of -v**4/4 - 4*v**3/3 - v**2/2 + 4*v - 88. Let j be -18*(2 - 24/9). Suppose z + 0*z = l, -z - j = 2*l. What is a(z)?
8
Let p = -16 + 3. Let k(a) = -5*a**3 - a**2 + 4*a + 8. Let x(u) = 11*u**3 + 3*u**2 - 8*u - 17. Let m(s) = p*k(s) - 6*x(s). Determine m(-4).
-2
Let w(k) be the third derivative of 0*k - 1/3*k**3 + 1/6*k**4 + 5*k**2 - 1/15*k**5 + 1/120*k**6 + 0. Determine w(3).
1
Let l(g) = -10*g**3 - 3*g**2 - 2*g. Let v be l(-1). Let p be (v - 8)/((-1)/(-5)). Let m(b) = b - 3. Determine m(p).
2
Let s(t) = -t**3 - 3*t**2 - t - 4. Let w be (13 - -5)*(-4)/(-18). Suppose 4*z = w*r + 8, -4*z = 5*r - 15 + 34. What is s(r)?
-1
Let q(i) = i**2 - i - 1. Let n be q(3). Let o(t) be the second derivative of -t**5/20 + t**4/2 - 2*t**3/3 + 2*t**2 - 3*t. Give o(n).
9
Let r(b) = 9*b**2 + b - 1. Let y be r(1). Let z(n) = 23*n - 160. Let o be z(7). Suppose -2*w + y = -o. Let v(g) = -g - 1. Calculate v(w).
-6
Let r(w) = 12*w**2 - w**2 + w**3 + 2*w - 3*w**3 + 10 - w**3 + 4*w**3. Determine r(-11).
-12
Let k(v) = 12*v + 1047 - 2090 - 24*v + 1039 - 22*v. Calculate k(-2).
64
Let f(g) = 0*g**2 - 24566*g**3 + g + 3*g**2 + 24567*g**3. Let w(r) = r**3 - 5*r**2 - 6*r - 2. Let h be w(6). Calculate f(h).
2
Let y(a) be the third derivative of -7*a**6/40 + 3*a**5/20 + 11*a**4/24 - a**2. Let p(k) = -11*k**3 + 5*k**2 + 6*k. Let t(j) = 11*p(j) - 6*y(j). What is t(1)?
6
Let l(f) = 8*f**2 - 44*f**3 - 62*f**3 + 107*f**3 - 6*f + 8. Give l(-9).
-19
Let s(w) = 3*w**3 - 2*w**2 + 3*w - 2. Let z be s(1). Let p(u) = -u + 4. Let l(r) = -r + 7. Let d(i) = -6*l(i) + 11*p(i). Calculate d(z).
-8
Let l = 633 + -639. Let b(r) = -r**3 - 6*r**2 + r**2 - 3 + 2 + 8*r. Determine b(l).
-13
Let k(v) = 45*v**2 - 6*v + 5. Let p(i) = 44*i**2 - 5*i + 4. Let o(m) = -4*k(m) + 5*p(m). Give o(1).
39
Let d(v) = -15*v**2 + v - 23. Let l(q) = 7*q**2 + 11. Let h(x) = -6*d(x) - 13*l(x). Determine h(-1).
0
Let r(f) = -f - 16. Suppose 4*b = 2*g - 12, -4*g - 15*b = -12*b + 9. What is r(g)?
-16
Suppose -2*w + 16*w = -98. Let l(r) = -9*r**3 - 14*r**2 - 19*r - 5. Let m(o) = -4*o**3 - 7*o**2 - 9*o - 2. Let p(x) = w*m(x) + 3*l(x). Calculate p(-6).
-1
Let g(l) = -4*l + 3. Suppose -54*u + 53*u - 5 = 0. What is g(u)?
23
Let q(l) be the first derivative of l**4/12 - l**3/6 - 3*l**2/2 + 16*l + 1. Let j(f) be the first derivative of q(f). Determine j(4).
9
Let o(p) = p**3 - 17*p**2 + 15*p + 10. Suppose 4*i + 52 = -6*a + 10*a, -i = -3. Let d be o(a). Let c(l) = -l**3 - 5*l**2 + 5*l + 1. What is c(d)?
7
Let z(h) be the second derivative of 1/3*h**3 + 0 + 1/6*h**4 + 9/20*h**5 - 38*h + 1/2*h**2. Determine z(-1).
-8
Let w(v) = -2 + 4 + 2*v + 0*v. Let k = -90 - -84. What is w(k)?
-10
Let p(g) = 5 - 11*g + 5*g - 13*g + 18*g. Let c be -5*((-2)/(-2))/(-1). Suppose -c*d = -2*d. Give p(d).
5
Let o(t) be the second derivative of -t**4/12 - 3*t**3/2 - 17*t**2/2 - 2*t + 13. Calculate o(-8).
-9
Let u = -10 + 16. Let a(g) be the third derivative of 30*g**2 - 2*g + 0 + 1/4*g**4 - 1/120*g**6 + g**3 + 1/12*g**5. What is a(u)?
6
Let l(q) = -2*q + 2. Let r be (203/(-21))/((-2)/(-18)). Let t be 13/3 - 58/r. What is l(t)?
-8
Let k(x) = x**2 + 6 - 2*x + 0*x**2 + 8*x. Let l = 86 - 82. Suppose -2*o = l*i + 24, -2*i = i - 3*o. Calculate k(i).
-2
Suppose -149*f + 134*f = 180. Let z(y) = 2*y + 30. What is z(f)?
6
Let h(l) = 2*l - 1. Let p(z) = -16*z + 8. Let b(s) = -10*h(s) - p(s). Let i(f) = -f**3 - 4*f**2 + 6*f + 7. Let v be i(-5). Calculate b(v).
-6
Let c(p) = 3 + 1 - 7 + p. Let z be c(3). Let f(y) = -2 + z*y**2 + 3*y**2 + 4*y - 2*y**2 - 4. What is f(-6)?
6
Let h(j) = 14*j - 1 - 34*j + 23*j. Suppose 2*v + 0*g - 20 = 2*g, -5*g + 10 = 5*v. What is h(v)?
17
Suppose -2*l + 2 = 0, -c - 14 = -3*c + 4*l. Let v(t) = -c + t**2 + 5*t - 2 + 4 - 3. Let y = 20 - 27. Calculate v(y).
4
Let z(f) = -f**3 - 5*f**2 + 3*f + 5. Let q be (-9*(-5)/5)/(-1) - -4. What is z(q)?
-10
Let p(t) be the first derivative of -t**2 + 5*t - 115. What is p(8)?
-11
Suppose -6*i + 26 = 2. Suppose -v - 13 = -4*x, -1 = 2*x + i*v - 3. Let b(d) = -d**3 + 4*d**2 - 2*d + 4. Give b(x).
7
Let i(b) = -3*b + 5. Let y = 398 + -394. Give i(y).
-7
Let r(m) be the first derivative of m**7/840 + m**6/120 + m**5/60 + m**4/24 - 29*m**3/3 + 5. Let f(h) be the third derivative of r(h). Give f(-3).
-5
Let f(z) = -z**3 - 13*z**2. Let j(p) = 5*p - 13. Let n be j(0). What is f(n)?
0
